13*i = -5824 + 884. Let g = i + 747. What are the prime factors of g?
367
Let o(j) be the first derivative of j**4/4 - 7*j**3/3 + 11*j**2/2 + 10*j - 4. Suppose -v + 5 = -1. What are the prime factors of o(v)?
2, 5
Let i = -175 - -184. Suppose 5*k + 1332 = i*k. What are the prime factors of k?
3, 37
Suppose -98*q + 23013 = -115. Let f = 281 - -111. Let v = f - q. List the prime factors of v.
2, 3, 13
Let r(n) = 6 - 268*n - 3 + 284*n + n**2. Let s be r(-7). List the prime factors of -30*((0 - 2) + (-72)/s).
2, 3
Suppose 5*l + 182 = 22. What are the prime factors of (16 - -1)/(l/(-352))?
11, 17
Let s be (-14)/(-3)*450/(-175). What are the prime factors of 4974/s*-2 - 2?
827
Let v(g) = g**3 - 5*g**2 + 5*g + 5. Let q be 1*2/(-3)*1*-69. Let i = 52 - q. What are the prime factors of v(i)?
71
Let y be 11 - (5 + 0/(-5)). Suppose 2*d - y = -s, d + 4*d = 5. Suppose -s*l - 597 = -7*l. What are the prime factors of l?
199
Let l = -115 - -195. Let c = l - 54. Suppose -c*z = -22*z - 68. What are the prime factors of z?
17
Let t(l) = l**3 - 11*l**2 + 14*l - 24. Suppose 7*o = -6 + 34. Suppose -4*j = f - 42, 24 = -o*j - 2*f + 64. What are the prime factors of t(j)?
2, 5, 13
Let b be (-13)/((-78)/1572) - 2. Suppose 13*c = b + 3276. List the prime factors of c.
2, 17
Let r be 12/(-18)*(-105)/(-2)*1. Suppose 3*f = 66 + 135. Let x = f + r. What are the prime factors of x?
2
Let y be ((-36)/(-30))/((-6)/(-2535)). Suppose -8484 = -9*c + y. List the prime factors of c.
3, 37
Suppose 275 = 5*p + u - 568, p + 3*u - 177 = 0. Suppose 3*g = p + 1296. What are the prime factors of g?
2, 61
Suppose 3*z + 2151 = g - 2*z, -3*g + 5*z + 6463 = 0. Suppose 4*r = 5860 - g. What are the prime factors of r?
2, 463
Let n(i) = 2*i + 21. Let o be n(-7). Suppose -5*f + 29 = 4*h, 3*h - o = -4*f + 15. Suppose h*q + 117 = 9*q. What are the prime factors of q?
3, 13
Let i = -66 + 38. Let t = -28 - i. Suppose 228 = 2*j - t*j. What are the prime factors of j?
2, 3, 19
Suppose 0 = 3*h + 5*r + 98, 0*r = 5*h + 4*r + 172. Let n = h + 38. Suppose n*k = -2*k + 412. List the prime factors of k.
103
Let n be (-1)/(-3) - (-35244)/54. Let u = -285 + n. List the prime factors of u.
2, 23
Let m be (110/(-22))/((-2)/(-6)). Let y be 4*(m/(-6))/5. List the prime factors of (y - 0)/((-1)/(-12)).
2, 3
Let j = -7 + 18. Let v(i) = j*i**2 - 20*i**3 - 6*i**2 - 6*i**2. What are the prime factors of v(-1)?
19
Let l be ((-7)/(-2) + 1)*124/3. Let t = -33 + l. What are the prime factors of t?
3, 17
Let a be ((-480)/128)/((-1)/112*3). Suppose -5*j + a = -3*g, -5*j + 2*g + 84 = -56. What are the prime factors of j?
2, 7
Let u(d) = d**3 + d**2 + 15*d + 25. Let o(z) = -6*z + 55. Let b be o(8). What are the prime factors of u(b)?
2, 3, 29
Let u(v) be the third derivative of -1/3*v**3 - 10*v**2 + 0*v - 1/60*v**5 + 7/12*v**4 + 0. What are the prime factors of u(12)?
2, 11
Suppose -22 - 9 = -5*y - 2*i, -2*y + i = -7. What are the prime factors of y - ((-96)/(-72))/((-2)/471)?
11, 29
Let v(l) = -l**3 - 20*l**2 - 37*l - 16. Let k be v(-18). Suppose -3*n + 5*y + 130 = -775, 0 = 5*n + k*y - 1529. List the prime factors of n.
5, 61
Let c(z) = -3*z**3 - 14*z**2 - 6*z + 1. Let l(q) = -3*q**3 - 16*q**2 - 5*q. Let o(a) = 4*c(a) - 3*l(a). What are the prime factors of o(-4)?
2, 13
Let q = 3 + 21. Let h(v) = -v**3 - 13*v**2 + 20*v + 84. Let z be h(-14). Suppose -n + 2*a + 17 = z, 0 = 4*n + a - q - 71. List the prime factors of n.
23
Let i = -2442 + 3982. List the prime factors of i.
2, 5, 7, 11
Suppose -5*j - 37042 = -4*s, 5*s = -0*j - 3*j + 46284. List the prime factors of s.
2, 3, 1543
Let y(o) = -212*o + 30. Let c be y(-3). Suppose 6*l = 750 + c. List the prime factors of l.
2, 59
Let c = -860 - -2735. Suppose 0 = -r + 2*p - 6*p + c, -2*p = 4*r - 7500. List the prime factors of r.
3, 5
Let d(s) = 14*s - 10. Let p be d(5). List the prime factors of (1042/4 + 2)*p/45.
2, 5, 7
Let k(s) = -23392*s - 76. What are the prime factors of k(-2)?
2, 11677
Let d(l) = -13*l**3 - 23*l**2 + 220*l + 2855. List the prime factors of d(-13).
3, 2741
Suppose 0 = 3*p + 6*g - 6*g + 5*g - 33645, 0 = 3*g. What are the prime factors of p?
5, 2243
Let s(z) = 14*z - 206. Let j be s(23). Suppose l + j - 384 = 0. What are the prime factors of l?
2, 67
Let b(j) = 427*j**2 + 295*j - 6. List the prime factors of b(-7).
2, 3, 1571
Let j = 114 + -197. Let m = j + 138. What are the prime factors of m?
5, 11
Let s = 83 - -478. Suppose -20*w + s = -24559. List the prime factors of w.
2, 157
Suppose -g = -3, -7344 - 6177 = -3*t + g. What are the prime factors of t?
2, 7, 23
Let a(q) = 635*q - 9154. What are the prime factors of a(79)?
41011
Suppose -106870 = 32*t - 170723 - 167155. List the prime factors of t.
7219
Let k(s) = -4*s**3 + 44*s**2 - 24*s - 29. Let i(h) = -h**3 + 15*h**2 - 8*h - 10. Let z(d) = 7*i(d) - 2*k(d). List the prime factors of z(-17).
2, 31
Suppose 9*g = 4*g + 25. Let s be ((-728)/(-16))/((-3)/(-18)). Suppose -4*d + s = -d + 3*k, 0 = -2*d - g*k + 194. List the prime factors of d.
3, 29
Let d = -797 - -1450. What are the prime factors of 0/(-6 - 1) + d?
653
List the prime factors of (22/(-99) - (-1664)/36)*169.
2, 13, 23
Suppose 5*d = -330 - 260. Let t = d + 424. What are the prime factors of t?
2, 3, 17
Let w be (-9672)/(-6) - (-1 - (2 + -4)). Suppose -103*q + 112*q = w. What are the prime factors of q?
179
Suppose 0 = 4*l + y - 94207 - 112421, 0 = -2*l + 2*y + 103304. What are the prime factors of l?
2, 11, 587
Let c(i) = 89*i - 15. Let l be c(-2). Let n = -148 - l. What are the prime factors of n?
3, 5
Let w be -4 + 6 + (-9)/(-1). Let o = w + -2. What are the prime factors of o + (12/4 - 6)?
2, 3
Suppose -5*l + 53 = 2*h - 96, -h - 4*l + 73 = 0. What are the prime factors of 611/1 - (h - 79)?
613
Let r = -2504 - -2512. Suppose -5*f = 3*d + 177, 0 = -4*f + 3*d - 147. List the prime factors of ((-414)/f)/(2/r).
2, 23
Let a = 137 - 133. What are the prime factors of (18/(-8))/(a/(-224))?
2, 3, 7
Suppose 19*w = 13*w + 618. Let g(k) = 2*k**2 + k - 13. Let j be g(-7). Let t = w - j. What are the prime factors of t?
5
Suppose 8*a - 4379 - 1573 = 0. Suppose -4*h - 3*m = -a, -2*m - 87 = -h + 88. What are the prime factors of h?
3, 61
Let y be (64/(-48))/(((-2)/(-1362))/(-1)). Let s = y - 268. List the prime factors of s.
2, 5
Suppose -1954 = 5*g - 544. Let y = -202 - g. List the prime factors of y.
2, 5
Suppose -27*m = -197075 + 139585 - 281117. What are the prime factors of m?
12541
Suppose 108*c + 7*c - 539810 = 0. What are the prime factors of c?
2, 2347
Suppose -7*j = -779 - 292. Let c = 239 + j. List the prime factors of c.
2, 7
Let t = 80 - -1554. Suppose 0 = 11*n - 9*n - t. List the prime factors of n.
19, 43
Let r be (-4)/26 + (5727/(-39) - -2). Let p = r - -213. Suppose 2*x = 6*u - 2*u + 28, -4*u - p = -4*x. What are the prime factors of x?
2, 5
Suppose -2*a = -3*k - a - 8, -k - 12 = -5*a. Let v = k - -5. Suppose 0 = x + v*x - 308. What are the prime factors of x?
7, 11
Let q be 1*((3 - -1) + 1). Suppose -4*w - 24 = -4*g, g - 2*w + 1 = q. List the prime factors of 718/g + (-4)/(-16).
2, 3, 5
Let a = 42 + -37. Suppose -4*y = -b + 76, a*b - y = -160 + 502. Suppose p + 3*t - b = t, -62 = -p - 5*t. List the prime factors of p.
2, 3
What are the prime factors of (-3)/2*5915276/(-921)?
2, 4817
Suppose -41*z + 27568 = 8257. Suppose 0*t + 4*t + 5*q = 1297, -3*t + 969 = 3*q. Let y = z - t. List the prime factors of y.
3, 17
Let v(d) = -15*d + 49. Let h(m) = -31*m + 99. Let j(q) = -4*h(q) + 7*v(q). List the prime factors of j(19).
2, 7, 11
Let s be 2010/(-45) + 4/(-3). Let z = s - -535. List the prime factors of -2*-1*z/6.
163
Let s(m) = 12*m - 7. Let h be s(-4). Let a = h + 71. Suppose v - a = 24. What are the prime factors of v?
2, 5
Suppose 0 = 4*p - 2*c - 4744, 21*p + 5*c = 20*p + 1175. Let l = 2113 - p. List the prime factors of l.
2, 29
Suppose u - 6 = -3*o + 2, 4*u + 16 = 4*o. Suppose 15*k - 3654 = -o*k. List the prime factors of k.
7, 29
Suppose -37504 = -3*x - 0*x + 89636. What are the prime factors of x?
2, 5, 13, 163
Let c(v) = -v**3 - 13*v**2 - v - 17. Let n be c(-13). List the prime factors of 32*n/12*(-6)/4.
2
What are the prime factors of 39354/5 - 328/410?
2, 5, 787
Let l(y) = 26*y**2 - y - 318. List the prime factors of l(-24).
2, 3, 2447